15
Let v = -409 + 431. Calculate the remainder when v is divided by 15.
7
Suppose 0 = -2*o + 4 + 16. Suppose -f - 4*f = -o. Let q = 12 - f. What is the remainder when 15 is divided by q?
5
Let c(d) = d**2 - 25*d + 91. What is the remainder when 128 is divided by c(23)?
38
Let i = 228 - 176. What is the remainder when i is divided by 27?
25
Let b = -195 + 230. What is the remainder when b is divided by 18?
17
Let g(t) = 68*t - 5. Let r be g(2). Suppose r = 5*k + c, -k + 3*k = 2*c + 50. What is the remainder when k is divided by -2*2/(8/(-18))?
8
Let r = 94 + -46. Calculate the remainder when 91 is divided by 9/24 - (-1134)/r.
19
Suppose 4*s + 5*m + 40 = -0*m, -2*s = -2*m + 20. Let l = s - -12. Suppose 30 = l*t - 5*b - 15, t = -4*b - 10. What is the remainder when 17 is divided by t?
7
Suppose -96 = -2*k + 3*m, 0 = -4*k + 5*m + 202 - 10. Calculate the remainder when k is divided by 31.
17
Let m be (4/2 - -47) + -11 + 8. Let c = -26 + m. Calculate the remainder when 39 is divided by c.
19
Let j = 1136 + -1029. Calculate the remainder when j is divided by 8.
3
Let h = 33 + -41. Let w(z) = -z**3 + 4*z**2 + 7*z - 6. Let a be w(5). Calculate the remainder when ((-39)/a)/(2/h) is divided by 10.
9
Suppose -5*x - 3*k + 12 = -4*x, 5*x - 5*k = -20. Suppose x*o + 60 = 5*o. Let n(q) = 99*q - 163. Calculate the remainder when n(2) is divided by o.
11
Let z = 34 - -53. Suppose -2*j + 53 = 17. What is the remainder when z is divided by j?
15
Let c = -34 + 3. Let d = c - -46. Calculate the remainder when d is divided by 9.
6
Let c = 43 - 30. Suppose -2*p - 2*p + 22 = -2*g, -3*p = -5*g - c. Suppose -2*q = -p*q + 104. Calculate the remainder when 102 is divided by q.
24
Let s = 920 + -778. Let f(i) = 2*i**2 + 10*i + 1. Calculate the remainder when s is divided by f(-7).
26
Suppose 5*k = b - 20, 4*b = -2*k - 3*k + 5. Let x(h) = -h + 8. Let n be (-8)/(-10) - (-147)/(-15). Calculate the remainder when x(n) is divided by b.
2
Let g = -171 - -192. Suppose 9*y - 4*y = 510. What is the remainder when y is divided by g?
18
Let n = 559 - 488. What is the remainder when n is divided by 21?
8
Suppose -44*f + 126 = -26*f. Calculate the remainder when 88 is divided by f.
4
Suppose 867 = 9*t - 123. What is the remainder when t is divided by 42?
26
Suppose -5*m + 14 = p, 3*p - m + 2*m = 70. Suppose 0 = -f + p - 6. What is the remainder when f is divided by 13?
5
Let w = 17 + 0. Suppose -5*r - 8*t + 57 = -4*t, 4*r - 33 = t. What is the remainder when w is divided by r?
8
Let t(p) = p**2 + p. Let h(k) = -5*k**2 - 7*k. Let l(g) = -h(g) - 6*t(g). Let d be l(-1). Let x = 5 + d. Calculate the remainder when x is divided by 2.
1
Suppose -15*p = -42*p + 297. What is the remainder when 252 is divided by p?
10
Let c = 2 - -11. Let b(m) = -205*m - 757. What is the remainder when b(-4) is divided by c?
11
Let h be 25/(-4) + (-6)/(-24). Let j(g) = -g**3 - 4*g**2 + 5*g + 1. What is the remainder when j(h) is divided by 11?
10
Suppose -q = z - 21, -2*z = -2*q + 6*q - 84. Calculate the remainder when 100 is divided by q.
16
Let b be (-4)/5 - (-10938)/10. Suppose -4*a + b = -5*i, a = 5*i + 384 - 92. Calculate the remainder when a*-1*12/(-36) is divided by 18.
17
Let o(c) = c**2 - 9. Let p be o(3). Suppose p = 5*v + 11 - 101. Calculate the remainder when 67 is divided by v.
13
Let v be 1*(-3)/(-1 + 0). Let t(o) = o**2 - 7*o + 4. What is the remainder when 0*v/(-6) + 45 is divided by t(8)?
9
Let u = 185 - 156. Calculate the remainder when u is divided by 5.
4
Let w(f) = 7*f - 326. Calculate the remainder when 279 is divided by w(48).
9
Let a = 209 - 41. Calculate the remainder when a is divided by 43.
39
Let i = 142 - -34. What is the remainder when 90 is divided by 2 + (i/6 - (-8)/(-24))?
28
Let y(p) = p**3 - p**2 - p + 21. Let d be y(0). Let n = -2 + d. Suppose -3*x = 3*o - 0*o - 108, 4*o - 149 = x. Calculate the remainder when o is divided by n.
18
Let m = 4 - -5. What is the remainder when 1330/30 - (-2)/(-6) is divided by m?
8
Suppose 0 = 17*n - 412 - 2886. Suppose 13*j = -64 + n. What is the remainder when 17 is divided by j?
7
Let d(t) = 15*t + 11. Let l be d(-3). Let g be ((-8)/(-1))/((-4)/(-34)). Let u = g + l. What is the remainder when 133 is divided by u?
31
Let s(z) = -138*z**3 + z**2 + 2*z. Suppose 2*m - 1 = -4*i - 11, 1 = -4*i + m. What is the remainder when s(i) is divided by 23?
22
Suppose 45 = 7*w - 32. Let o = -6 - -9. Suppose -22 = -o*s + 74. Calculate the remainder when s is divided by w.
10
Let u = -930 + 1033. What is the remainder when 407 is divided by u?
98
Suppose -5*p = -0*i + 5*i - 20, 3*p = -2*i + 12. Suppose -4*f = -p*m + 68, -2*f - f = 15. Let w = m - 9. What is the remainder when 7 is divided by w?
1
Suppose -5*w = -2*w + 2*v - 22, 5*w - 36 = -3*v. Let j(p) = 3*p**3 - 14*p**2 - 5*p + 4. What is the remainder when j(w) is divided by 24?
22
Suppose -3*k + 35 = u + 27, -2*u - 4*k + 14 = 0. What is the remainder when 9 is divided by u?
4
Suppose 0 = -3*p - 4*s + 251, 2*p - 235 = -p + 4*s. Suppose 3*i + p = 144. What is the remainder when 73 is divided by i?
10
Suppose -39*l + 35*l = -128. Let h = -3 + 8. Suppose 0*i - 55 = -h*i. What is the remainder when l is divided by i?
10
Suppose -5*i = 4*t - 157 - 57, -272 = -5*t - 4*i. Suppose 34 = 6*c - t. Calculate the remainder when 57 is divided by c.
12
Let c = 48 - 44. What is the remainder when 126 is divided by c/28 - (-669)/21?
30
Let h = -56 + 60. Let p(b) = -b**2 + 8*b - 4. Calculate the remainder when 47 is divided by p(h).
11
Let h be (-2)/(-3) + 506/33. Let j = h - 18. Let k = j + 16. Calculate the remainder when 54 is divided by k.
12
Suppose 0 = -26*x + 18*x + 80. Calculate the remainder when x is divided by 4.
2
Let j = -1015 - -1189. Calculate the remainder when j is divided by 59.
56
Suppose -x + 3*x = 4*b - 2, -x + 11 = 2*b. Let r(o) = o**2 + 7*o - 9. What is the remainder when r(b) is divided by 13?
8
Let o(z) = -3*z - 12. Let i be o(-8). Suppose 0 = -3*n + i, 0 = 4*v + 2*n - 0*n + 104. Let y = 15 - v. Calculate the remainder when y is divided by 9.
7
Let j(b) = -b**2 + 3*b - 4. Let d be j(6). Let t = d - -26. What is the remainder when 14 is divided by t?
2
What is the remainder when 37 is divided by -32 + 26 + 0 + 17?
4
Let v(d) = 9*d - 23. Let q(f) = 4*f - 12. Let o(g) = -7*q(g) + 3*v(g). Calculate the remainder when o(0) is divided by 8.
7
Suppose 0 = x - 3*w + 12 - 77, x - 73 = 5*w. What is the remainder when 120 is divided by x?
14
Let i(w) = -w**2 + 1. Let m be i(4). Let d = m + 17. Suppose -5*t + 77 = -2*y - y, d*t - 10 = -4*y. Calculate the remainder when 21 is divided by t.
8
Let k(f) = -5*f - 34. Let l(t) = 3*t + 14. What is the remainder when k(-8) is divided by l(-4)?
0
Suppose 2*r + 1 = 5*v - 18, 5*v = r + 17. Let b = 52 - v. Calculate the remainder when b is divided by 10.
9
Let j = -53 + 57. Suppose -3*s = -6*s - 3*z + 51, 4*s - j*z - 28 = 0. What is the remainder when 18 is divided by s?
6
Let s = 956 + -882. What is the remainder when s is divided by 8?
2
Let h = -2503 + 2513. Suppose -1 - 53 = -2*p. Calculate the remainder when p is divided by h.
7
Let z(h) = 2*h**2 + 57*h + 55. Suppose 390 = 3*j + 2*j. Calculate the remainder when j is divided by z(-28).
24
Let g = 58 + -25. Let j(r) = 10*r + 5. Let u be j(6). Let m = u - g. Calculate the remainder when m is divided by 11.
10
Suppose s = 4*f, 2*s = -s. Suppose f = -5*j - 4*u + 81 + 15, 4*u - 16 = 0. Calculate the remainder when 81/(-6)*14/(-3) is divided by j.
15
Let r be 58/(-3)*3/(-6)*3. What is the remainder when r*((-4)/(-10))/(22/55) is divided by 15?
14
Let g = 291 - 272. What is the remainder when 49 is divided by g?
11
Let h be (3 - 10/5)*8. Suppose -r + 3*u - h = -5*r, -16 = 4*u. Suppose -p = -r*p + 12. Calculate the remainder when 13 is divided by p.
1
Let t be -7 + 1*4/(-4). Let g = t - -11. Suppose 0 = 5*r - b - 15, -3*b = r - b - 3. Calculate the remainder when r is divided by g.
0
Let m(y) = y + 4. Suppose -3*f + 6*f = 5*j + 45, 16 = -j + 2*f. Calculate the remainder when (57/6)/(j/(-12)) is divided by m(6).
9
Let l = 47 + -39. Let r = 33 - l. What is the remainder when r is divided by 7?
4
Suppose -v - 145 + 162 = 0. Calculate the remainder when 93 is divided by v.
8
Let s = 115 - 69. Suppose n = s - 3. Suppose 0 = -4